{"id":660,"date":"2021-02-03T18:28:13","date_gmt":"2021-02-03T17:28:13","guid":{"rendered":"http:\/\/gabeaumo.cluster005.ovh.net\/lycmet\/?page_id=660"},"modified":"2021-02-08T09:53:11","modified_gmt":"2021-02-08T08:53:11","slug":"la-3eme-prepa-metiers","status":"publish","type":"page","link":"http:\/\/gabeaumo.cluster005.ovh.net\/lycmet\/la-3eme-prepa-metiers\/","title":{"rendered":"La 3\u00e8me PREPA METIERS"},"content":{"rendered":"\n<div class=\"wp-block-buttons is-layout-flex wp-block-buttons-is-layout-flex\">\n<div class=\"wp-block-button has-custom-width wp-block-button__width-100\"><a class=\"wp-block-button__link has-white-color has-vivid-red-background-color has-text-color has-background no-border-radius\" href=\"http:\/\/gabeaumo.cluster005.ovh.net\/lycmet\/amelia-reservations\/\" target=\"_blank\" rel=\"noreferrer noopener\">Prendre RDV au lyc\u00e9e avec un enseignant et d\u00e9couvrir la formation. Cliquer ici !!!<\/a><\/div>\n<\/div>\n\n\n\n<p class=\"has-text-align-center\"><a href=\"https:\/\/www.canva.com\/design\/DAD0Eg87iE8\/Wv5pCx7RiN9cm3eRjgMNsA\/view?utm_content=DAD0Eg87iE8&amp;utm_campaign=designshare&amp;utm_medium=link&amp;utm_source=sharebutton\" data-type=\"URL\" data-id=\"https:\/\/www.canva.com\/design\/DAD0Eg87iE8\/Wv5pCx7RiN9cm3eRjgMNsA\/view?utm_content=DAD0Eg87iE8&amp;utm_campaign=designshare&amp;utm_medium=link&amp;utm_source=sharebutton\"><span class=\"has-inline-color has-vivid-red-color\">T\u00e9l\u00e9charger la plaquette de pr\u00e9sentation de la 3\u00e8me pr\u00e9pa m\u00e9tiers<\/span><\/a><\/p>\n\n\n\n<p class=\"has-text-align-center\"><a href=\"https:\/\/www.onisep.fr\/Ressources\/Univers-Formation\/Formations\/Colleges\/classe-de-troisieme-prepa-metiers\" data-type=\"URL\" data-id=\"https:\/\/www.onisep.fr\/Ressources\/Univers-Formation\/Formations\/Colleges\/classe-de-troisieme-prepa-metiers\"><span class=\"has-inline-color has-vivid-red-color\">FICHE FORMATION ONISEP<\/span><\/a><\/p>\n\n\n\n<div class=\"wp-block-media-text alignwide is-stacked-on-mobile\" style=\"grid-template-columns:30% auto\"><figure class=\"wp-block-media-text__media\"><img loading=\"lazy\" decoding=\"async\" width=\"651\" height=\"409\" src=\"http:\/\/gabeaumo.cluster005.ovh.net\/lycmet\/wp-content\/uploads\/2021\/02\/3-PMET.jpg\" alt=\"\" class=\"wp-image-828 size-full\" srcset=\"http:\/\/gabeaumo.cluster005.ovh.net\/lycmet\/wp-content\/uploads\/2021\/02\/3-PMET.jpg 651w, http:\/\/gabeaumo.cluster005.ovh.net\/lycmet\/wp-content\/uploads\/2021\/02\/3-PMET-300x188.jpg 300w, http:\/\/gabeaumo.cluster005.ovh.net\/lycmet\/wp-content\/uploads\/2021\/02\/3-PMET-200x126.jpg 200w\" sizes=\"auto, (max-width: 651px) 100vw, 651px\" \/><\/figure><div class=\"wp-block-media-text__content\">\n<p>La classe de 3\u00e8me Pr\u00e9pa-M\u00e9tiers donne la possibilit\u00e9 aux \u00e9l\u00e8ves de choisir leur parcours de formation, sans pour autant effectuer un choix d\u00e9finitif de champ professionnel. Sur l\u2019ann\u00e9e, les \u00e9l\u00e8ves b\u00e9n\u00e9ficient de 216 heures de s\u00e9quences de d\u00e9couverte professionnelle dans nos ateliers, en visite d\u2019entreprise et d\u2019heures d\u2019accompagnement personnalis\u00e9.<\/p>\n<\/div><\/div>\n\n\n\n<figure class=\"wp-block-pullquote\"><blockquote><p>Pr\u00e9parer la classe de 3\u00e8me PEMET<\/p><\/blockquote><\/figure>\n\n\n\n<div class=\"wp-block-group\"><div class=\"wp-block-group__inner-container is-layout-flow wp-block-group-is-layout-flow\">\n<p class=\"has-text-align-center\"><strong>Enseignements professionnels<\/strong><\/p>\n\n\n\n<ul class=\"wp-block-list\"><li>D\u00e9couverte professionnelle des m\u00e9tiers et des formations professionnelles<\/li><\/ul>\n<\/div><\/div>\n\n\n\n<p class=\"has-text-align-center\"><strong>Enseignements g\u00e9n\u00e9raux<\/strong><\/p>\n\n\n\n<div class=\"wp-block-media-text alignwide has-media-on-the-right is-stacked-on-mobile\" style=\"grid-template-columns:auto 37%\"><figure class=\"wp-block-media-text__media\"><img loading=\"lazy\" decoding=\"async\" width=\"566\" height=\"408\" src=\"http:\/\/gabeaumo.cluster005.ovh.net\/lycmet\/wp-content\/uploads\/2021\/02\/3-PMET-2.jpg\" alt=\"\" class=\"wp-image-829 size-full\" srcset=\"http:\/\/gabeaumo.cluster005.ovh.net\/lycmet\/wp-content\/uploads\/2021\/02\/3-PMET-2.jpg 566w, http:\/\/gabeaumo.cluster005.ovh.net\/lycmet\/wp-content\/uploads\/2021\/02\/3-PMET-2-300x216.jpg 300w, http:\/\/gabeaumo.cluster005.ovh.net\/lycmet\/wp-content\/uploads\/2021\/02\/3-PMET-2-200x144.jpg 200w\" sizes=\"auto, (max-width: 566px) 100vw, 566px\" \/><\/figure><div class=\"wp-block-media-text__content\">\n<ul class=\"wp-block-list\" id=\"block-a4192e8c-4ead-44d5-8944-485d736841e1\"><li>Fran\u00e7ais<\/li><li>Math\u00e9matiques<\/li><li>LV1-LV2<\/li><li>Histoire-G\u00e9ographique, Education Civique<\/li><li>Science et Technologique<\/li><li>Enseignements artistiques<\/li><li>EPS<\/li><\/ul>\n<\/div><\/div>\n\n\n\n<p class=\"has-text-align-center\"><strong>Les p\u00e9riodes de d\u00e9couvertes professionnelles<\/strong><\/p>\n\n\n\n<p>Il comptera \u00e9galement un <strong>maximum de 216 heures<\/strong>&nbsp; de <strong>s\u00e9quences<\/strong> de <strong>d\u00e9couverte professionnelle<\/strong>, comportant des s\u00e9ances de d\u00e9couverte des <strong>parcours <\/strong>et des <strong>formations<\/strong> (LP, lyc\u00e9es agricoles, CFA ou sur les plateaux techniques des SEGPA) avec initiation aux <strong>activit\u00e9s professionnelles<\/strong>, et des p\u00e9riodes en <strong>milieu professionnel<\/strong> (visites, s\u00e9quences d\u2019observation, stages d\u2019initiation en milieu professionnel).<\/p>\n\n\n\n<figure class=\"wp-block-pullquote\">\r\n<blockquote>\r\n<h2 style=\"text-align: center;\"><strong>POURSUITES D\u2019\u00c9TUDES<\/strong><\/h2>\r\n<\/blockquote>\r\n<\/figure>\n\n\n\n<p class=\"has-text-align-center\"><strong>Poursuite d&rsquo;\u00e9tudes<\/strong><\/p>\n\n\n\n<ul class=\"wp-block-list\"><li>Biotechnique<\/li><li>Restauration<\/li><li>Ma\u00e7onnerie<\/li><li>Tertiaire<\/li><li>Menuiserie<\/li><\/ul>\n\n\n\n<figure class=\"wp-block-pullquote\">\r\n<blockquote>\r\n<h2 style=\"text-align: center;\"><strong>LE M\u00c9TIER<\/strong><\/h2>\r\n<\/blockquote>\r\n<\/figure>\n\n\n\n<div class=\"wp-block-media-text alignwide is-stacked-on-mobile\" style=\"grid-template-columns:26% auto\"><figure class=\"wp-block-media-text__media\"><img loading=\"lazy\" decoding=\"async\" width=\"447\" height=\"406\" src=\"http:\/\/gabeaumo.cluster005.ovh.net\/lycmet\/wp-content\/uploads\/2021\/02\/3-PMET-3.jpg\" alt=\"\" class=\"wp-image-830 size-full\" srcset=\"http:\/\/gabeaumo.cluster005.ovh.net\/lycmet\/wp-content\/uploads\/2021\/02\/3-PMET-3.jpg 447w, http:\/\/gabeaumo.cluster005.ovh.net\/lycmet\/wp-content\/uploads\/2021\/02\/3-PMET-3-300x272.jpg 300w, http:\/\/gabeaumo.cluster005.ovh.net\/lycmet\/wp-content\/uploads\/2021\/02\/3-PMET-3-200x182.jpg 200w\" sizes=\"auto, (max-width: 447px) 100vw, 447px\" \/><\/figure><div class=\"wp-block-media-text__content\">\n<ul class=\"wp-block-list\"><li>Ma\u00eetriser le socle commun de connaissances et de comp\u00e9tences au palier 3.<\/li><\/ul>\n\n\n\n<ul class=\"wp-block-list\"><li>Cr\u00e9er, chez des \u00e9l\u00e8ves volontaires pr\u00eats \u00e0 se remobiliser autour d\u2019un projet de formation, une dynamique nouvelle leur permettant de mieux r\u00e9ussir leur dernier ann\u00e9e de 1er cycle.<\/li><\/ul>\n\n\n\n<ul class=\"wp-block-list\"><li>S\u2019appuyer sur des m\u00e9thodes p\u00e9dagogiques diff\u00e9rentes et m\u00fbrir un projet de formation par la d\u00e9couverte de m\u00e9tiers&nbsp; relevant&nbsp; de&nbsp; diff\u00e9rents&nbsp; champs professionnels.<\/li><\/ul>\n<\/div><\/div>\n","protected":false},"excerpt":{"rendered":"<p>T\u00e9l\u00e9charger la plaquette de pr\u00e9sentation de la 3\u00e8me pr\u00e9pa m\u00e9tiers FICHE FORMATION ONISEP La classe de 3\u00e8me Pr\u00e9pa-M\u00e9tiers donne la possibilit\u00e9 aux \u00e9l\u00e8ves de choisir leur parcours de formation, sans pour autant effectuer un choix d\u00e9finitif de champ professionnel. Sur l\u2019ann\u00e9e, les \u00e9l\u00e8ves b\u00e9n\u00e9ficient de 216 heures de s\u00e9quences de d\u00e9couverte professionnelle dans nos ateliers,&#8230;<\/p>\n","protected":false},"author":2,"featured_media":0,"parent":0,"menu_order":0,"comment_status":"closed","ping_status":"closed","template":"","meta":{"ngg_post_thumbnail":0,"footnotes":""},"class_list":["post-660","page","type-page","status-publish","hentry"],"_links":{"self":[{"href":"http:\/\/gabeaumo.cluster005.ovh.net\/lycmet\/wp-json\/wp\/v2\/pages\/660","targetHints":{"allow":["GET"]}}],"collection":[{"href":"http:\/\/gabeaumo.cluster005.ovh.net\/lycmet\/wp-json\/wp\/v2\/pages"}],"about":[{"href":"http:\/\/gabeaumo.cluster005.ovh.net\/lycmet\/wp-json\/wp\/v2\/types\/page"}],"author":[{"embeddable":true,"href":"http:\/\/gabeaumo.cluster005.ovh.net\/lycmet\/wp-json\/wp\/v2\/users\/2"}],"replies":[{"embeddable":true,"href":"http:\/\/gabeaumo.cluster005.ovh.net\/lycmet\/wp-json\/wp\/v2\/comments?post=660"}],"version-history":[{"count":4,"href":"http:\/\/gabeaumo.cluster005.ovh.net\/lycmet\/wp-json\/wp\/v2\/pages\/660\/revisions"}],"predecessor-version":[{"id":872,"href":"http:\/\/gabeaumo.cluster005.ovh.net\/lycmet\/wp-json\/wp\/v2\/pages\/660\/revisions\/872"}],"wp:attachment":[{"href":"http:\/\/gabeaumo.cluster005.ovh.net\/lycmet\/wp-json\/wp\/v2\/media?parent=660"}],"curies":[{"name":"wp","href":"https:\/\/api.w.org\/{rel}","templated":true}]}}

La 3ème PREPA METIERS

<div class="wp-block-buttons is-layout-flex wp-block-buttons-is-layout-flex">
<div class="wp-block-button has-custom-width wp-block-button__width-100"><a class="wp-block-button__link has-white-color has-vivid-red-background-color has-text-color has-background no-border-radius" href="http://gabeaumo.cluster005.ovh.net/lycmet/amelia-reservations/" target="_blank" rel="noreferrer noopener">Prendre RDV au lycée avec un enseignant et découvrir la formation. Cliquer ici !!!</a></div>
</div>



<p class="has-text-align-center"><a href="https://www.canva.com/design/DAD0Eg87iE8/Wv5pCx7RiN9cm3eRjgMNsA/view?utm_content=DAD0Eg87iE8&amp;utm_campaign=designshare&amp;utm_medium=link&amp;utm_source=sharebutton" data-type="URL" data-id="https://www.canva.com/design/DAD0Eg87iE8/Wv5pCx7RiN9cm3eRjgMNsA/view?utm_content=DAD0Eg87iE8&amp;utm_campaign=designshare&amp;utm_medium=link&amp;utm_source=sharebutton"><span class="has-inline-color has-vivid-red-color">Télécharger la plaquette de présentation de la 3ème prépa métiers</span></a></p>



<p class="has-text-align-center"><a href="https://www.onisep.fr/Ressources/Univers-Formation/Formations/Colleges/classe-de-troisieme-prepa-metiers" data-type="URL" data-id="https://www.onisep.fr/Ressources/Univers-Formation/Formations/Colleges/classe-de-troisieme-prepa-metiers"><span class="has-inline-color has-vivid-red-color">FICHE FORMATION ONISEP</span></a></p>



<div class="wp-block-media-text alignwide is-stacked-on-mobile" style="grid-template-columns:30% auto"><figure class="wp-block-media-text__media"><img loading="lazy" decoding="async" width="651" height="409" src="http://gabeaumo.cluster005.ovh.net/lycmet/wp-content/uploads/2021/02/3-PMET.jpg" alt="" class="wp-image-828 size-full" srcset="http://gabeaumo.cluster005.ovh.net/lycmet/wp-content/uploads/2021/02/3-PMET.jpg 651w, http://gabeaumo.cluster005.ovh.net/lycmet/wp-content/uploads/2021/02/3-PMET-300x188.jpg 300w, http://gabeaumo.cluster005.ovh.net/lycmet/wp-content/uploads/2021/02/3-PMET-200x126.jpg 200w" sizes="auto, (max-width: 651px) 100vw, 651px" /></figure><div class="wp-block-media-text__content">
<p>La classe de 3ème Prépa-Métiers donne la possibilité aux élèves de choisir leur parcours de formation, sans pour autant effectuer un choix définitif de champ professionnel. Sur l’année, les élèves bénéficient de 216 heures de séquences de découverte professionnelle dans nos ateliers, en visite d’entreprise et d’heures d’accompagnement personnalisé.</p>
</div></div>



<figure class="wp-block-pullquote"><blockquote><p>Préparer la classe de 3ème PEMET</p></blockquote></figure>



<div class="wp-block-group"><div class="wp-block-group__inner-container is-layout-flow wp-block-group-is-layout-flow">
<p class="has-text-align-center"><strong>Enseignements professionnels</strong></p>



<ul class="wp-block-list"><li>Découverte professionnelle des métiers et des formations professionnelles</li></ul>
</div></div>



<p class="has-text-align-center"><strong>Enseignements généraux</strong></p>



<div class="wp-block-media-text alignwide has-media-on-the-right is-stacked-on-mobile" style="grid-template-columns:auto 37%"><figure class="wp-block-media-text__media"><img loading="lazy" decoding="async" width="566" height="408" src="http://gabeaumo.cluster005.ovh.net/lycmet/wp-content/uploads/2021/02/3-PMET-2.jpg" alt="" class="wp-image-829 size-full" srcset="http://gabeaumo.cluster005.ovh.net/lycmet/wp-content/uploads/2021/02/3-PMET-2.jpg 566w, http://gabeaumo.cluster005.ovh.net/lycmet/wp-content/uploads/2021/02/3-PMET-2-300x216.jpg 300w, http://gabeaumo.cluster005.ovh.net/lycmet/wp-content/uploads/2021/02/3-PMET-2-200x144.jpg 200w" sizes="auto, (max-width: 566px) 100vw, 566px" /></figure><div class="wp-block-media-text__content">
<ul class="wp-block-list" id="block-a4192e8c-4ead-44d5-8944-485d736841e1"><li>Français</li><li>Mathématiques</li><li>LV1-LV2</li><li>Histoire-Géographique, Education Civique</li><li>Science et Technologique</li><li>Enseignements artistiques</li><li>EPS</li></ul>
</div></div>



<p class="has-text-align-center"><strong>Les périodes de découvertes professionnelles</strong></p>



<p>Il comptera également un <strong>maximum de 216 heures</strong>&nbsp; de <strong>séquences</strong> de <strong>découverte professionnelle</strong>, comportant des séances de découverte des <strong>parcours </strong>et des <strong>formations</strong> (LP, lycées agricoles, CFA ou sur les plateaux techniques des SEGPA) avec initiation aux <strong>activités professionnelles</strong>, et des périodes en <strong>milieu professionnel</strong> (visites, séquences d’observation, stages d’initiation en milieu professionnel).</p>



<figure class="wp-block-pullquote">
<blockquote>
<h2 style="text-align: center;"><strong>POURSUITES D’ÉTUDES</strong></h2>
</blockquote>
</figure>



<p class="has-text-align-center"><strong>Poursuite d&rsquo;études</strong></p>



<ul class="wp-block-list"><li>Biotechnique</li><li>Restauration</li><li>Maçonnerie</li><li>Tertiaire</li><li>Menuiserie</li></ul>



<figure class="wp-block-pullquote">
<blockquote>
<h2 style="text-align: center;"><strong>LE MÉTIER</strong></h2>
</blockquote>
</figure>



<div class="wp-block-media-text alignwide is-stacked-on-mobile" style="grid-template-columns:26% auto"><figure class="wp-block-media-text__media"><img loading="lazy" decoding="async" width="447" height="406" src="http://gabeaumo.cluster005.ovh.net/lycmet/wp-content/uploads/2021/02/3-PMET-3.jpg" alt="" class="wp-image-830 size-full" srcset="http://gabeaumo.cluster005.ovh.net/lycmet/wp-content/uploads/2021/02/3-PMET-3.jpg 447w, http://gabeaumo.cluster005.ovh.net/lycmet/wp-content/uploads/2021/02/3-PMET-3-300x272.jpg 300w, http://gabeaumo.cluster005.ovh.net/lycmet/wp-content/uploads/2021/02/3-PMET-3-200x182.jpg 200w" sizes="auto, (max-width: 447px) 100vw, 447px" /></figure><div class="wp-block-media-text__content">
<ul class="wp-block-list"><li>Maîtriser le socle commun de connaissances et de compétences au palier 3.</li></ul>



<ul class="wp-block-list"><li>Créer, chez des élèves volontaires prêts à se remobiliser autour d’un projet de formation, une dynamique nouvelle leur permettant de mieux réussir leur dernier année de 1er cycle.</li></ul>



<ul class="wp-block-list"><li>S’appuyer sur des méthodes pédagogiques différentes et mûrir un projet de formation par la découverte de métiers&nbsp; relevant&nbsp; de&nbsp; différents&nbsp; champs professionnels.</li></ul>
</div></div>

<p>Télécharger la plaquette de présentation de la 3ème prépa métiers FICHE FORMATION ONISEP La classe de 3ème Prépa-Métiers donne la possibilité aux élèves de choisir leur parcours de formation, sans pour autant effectuer un choix définitif de champ professionnel. Sur l’année, les élèves bénéficient de 216 heures de séquences de découverte professionnelle dans nos ateliers,&#8230;</p>
